 13*i**2 + 11*i - 31. Determine m(4).
221
Let t(n) = -n**2 + 31*n + 76. What is t(34)?
-26
Let u(j) = -2*j**2 + 34*j + 6018. Determine u(-47).
2
Let k(i) = -71*i - 9429. Calculate k(-133).
14
Let j(v) = -6*v**2 + 134*v - 156. What is j(21)?
12
Let m(d) = d**3 - 135*d**2 + 290*d - 3191. Calculate m(133).
1
Let k(d) = 2*d**2 + 3*d + 21. Calculate k(10).
251
Let h(l) = l**2 + 36*l + 68. Determine h(-38).
144
Let o(j) = 6*j**2 + 74*j - 977. Give o(8).
-1
Let p(a) = -53*a - 329. Give p(-9).
148
Let t(w) = w**3 + 5*w**2 + 8*w + 12. What is t(-3)?
6
Let w(r) = -8*r**2 - r + 6. Calculate w(-2).
-24
Let c(w) = -94*w - 397. Calculate c(-6).
167
Let t(l) = -l**3 - 3*l**2 + 204*l + 622. What is t(-3)?
10
Let a(v) = 3*v**3 + 160*v**2 - 467*v - 1060. Determine a(-56).
4
Let h(l) = l**3 - 2*l**2 - 42*l - 19. Give h(7).
-68
Let u(n) = -27*n + 1828. Determine u(68).
-8
Let s(n) = 49*n + 72. Give s(-1).
23
Let n(z) = z**3 - 20*z**2 + 70*z + 78. Calculate n(15).
3
Let c(s) = s**3 + 23*s**2 + 97*s + 1646. Calculate c(-22).
-4
Let z(t) = -7*t**2 + 159*t + 162. Calculate z(-1).
-4
Let a(k) = k**3 + 10*k**2 + 35*k + 85. Calculate a(-5).
35
Let d(w) = -2*w**2 - 153*w + 228. Give d(-78).
-6
Let w(z) = -4*z + 511. Calculate w(-18).
583
Let f(c) = 2*c**3 + 413*c**2 - 1038*c + 1454. What is f(-209)?
-9
Let c(t) = -56*t**2 + 4037*t - 353. What is c(72)?
7
Let u(x) = -x**3 - 16*x**2 - 46*x - 11. Calculate u(-10).
-151
Let n(c) = 394*c + 698. Calculate n(-2).
-90
Let m(x) = -x**3 + 39*x**2 - 10*x - 1105. What is m(38)?
-41
Let b(v) = 11*v**2 + 63*v - 13. What is b(-6)?
5
Let n(u) = -35*u - 115. Calculate n(2).
-185
Let v(o) = -9*o**2 + 7*o - 4. Calculate v(2).
-26
Let i(o) = o**2 + 2*o - 38. Calculate i(0).
-38
Let z(t) = -716*t - 17182. What is z(-24)?
2
Let z(p) = 22*p + 677. Determine z(-32).
-27
Let t(x) = -16*x**3 + x**2 - 25*x - 20. Calculate t(0).
-20
Let u(w) = -w**3 - 34*w**2 - 12*w + 604. What is u(-33)?
-89
Let l(f) = 70*f + 229. What is l(-6)?
-191
Let l(o) = o**3 + 30*o**2 - 407*o + 821. Calculate l(8).
-3
Let z(l) = 109*l**2 + 34*l - 36. Give z(1).
107
Let m(u) = u**2 - 64*u + 664. What is m(51)?
1
Let g(x) = -x**3 + 2*x**2 + 14*x + 6. What is g(7)?
-141
Let g(q) = q**3 - 22*q**2 + q - 1179. Determine g(24).
-3
Let r(l) = -3*l + 215. Give r(47).
74
Let s(k) = -4*k - 100. Determine s(-7).
-72
Let r(g) = g**3 + 5*g**2 - 22*g - 5. Give r(3).
1
Let s(h) = 5*h**2 + 120*h. Calculate s(-25).
125
Let t(f) = -f**3 + 24*f**2 + 3*f - 74. What is t(24)?
-2
Let u(l) = 374*l + 21362. What is u(-57)?
44
Let t(v) = 238*v + 12. Calculate t(1).
250
Let i(l) = -80*l + 8885. Determine i(109).
165
Let h(l) = 328*l + 1289. Determine h(-4).
-23
Let w(s) = -14*s + 156. Determine w(-7).
254
Let k(a) = -86*a + 2295. What is k(28)?
-113
Let f(d) = -d**2 + 38*d + 169. Determine f(-7).
-146
Let y(j) = -j - 161. What is y(3)?
-164
Let h(q) = -8*q**2 + 32*q + 6. Give h(4).
6
Let a(l) = -l**2 - 70*l - 120. What is a(-67)?
81
Let f(y) = y + 24. Calculate f(-23).
1
Let x(z) = 45*z - 5001. Give x(111).
-6
Let q(d) = -d**3 - 45*d**2 + 5*d + 222. Determine q(-45).
-3
Let i(v) = -4*v**2 - 19*v + 204. Give i(-10).
-6
Let u(w) = -119*w**2 - 115*w - 114. Determine u(-1).
-118
Let g(b) = -b**3 - 7*b**2 - 15*b + 8. Determine g(-10).
458
Let i(s) = 3*s**2 - 10*s - 52. Determine i(-7).
165
Let b(i) = 3*i**3 - 7*i**2 + 40*i - 103. Give b(3).
35
Let o(x) = 2*x**3 - 2*x**2 + 2*x + 622. Calculate o(0).
622
Let r(m) = -4580*m + 50375. What is r(11)?
-5
Let w(p) = 3*p**2 - 46*p - 223. Give w(-4).
9
Let z(t) = 2*t**2 + 33*t - 40. Calculate z(-15).
-85
Let t(a) = -a**2 + 70*a - 1176. What is t(42)?
0
Let b(p) = -40*p + 45. Determine b(2).
-35
Let t(z) = -z**3 + 64*z**2 - 189*z + 350. Calculate t(61).
-16
Let z(d) = -4*d**2 + 1350*d - 24212. Determine z(19).
-6
Let t(p) = 310*p**2 - 1237*p - 2. Determine t(4).
10
Let u(x) = 317*x + 957. What is u(-3)?
6
Let w(a) = -2*a**2 + 93*a + 1625. What is w(60)?
5
Let c(r) = 4*r + 267. What is c(-62)?
19
Let t(n) = -7*n**2 + 111*n + 64. What is t(16)?
48
Let z(u) = -11*u**2 - 151*u + 308. Give z(-16).
-92
Let z(g) = -g**3 + 9*g**2 + 478*g - 4693. What is z(10)?
-13
Let g(d) = -2*d**2 + 133*d - 1660. Calculate g(50).
-10
Let z(w) = 3316*w + 9960. What is z(-3)?
12
Let f(u) = 2*u**3 - 24*u**2 + 24*u - 13. Give f(11).
9
Let j(d) = -194*d + 780. What is j(4)?
4
Let d(l) = 11*l**2 + 20*l + 6. Determine d(-2).
10
Let d(o) = o**3 + 20*o**2 + 25*o + 483. Calculate d(-20).
-17
Let l(x) = -x**2 + 55*x - 370. Give l(8).
6
Let b(s) = -8*s**3 + 63*s**2 + 13*s - 8. Determine b(8).
32
Let o(t) = 9*t - 527. Calculate o(104).
409
Let k(b) = b**2 - 306*b - 1825. What is k(-6)?
47
Let f(u) = 22*u**2 + 37*u - 77. What is f(2)?
85
Let b(n) = n**3 - 17*n**2 + 104*n - 233. Determine b(7).
5
Let n(q) = -7*q**2 - 22*q - 2. Calculate n(-6).
-122
Let u(d) = -d**3 - 38*d**2 - 34*d + 419. What is u(-37)?
308
Let u(j) = 71*j - 330. Calculate u(5).
25
Let q(u) = 61*u**2 - 974*u - 30. What is q(16)?
2
Let f(x) = -130*x + 299. What is f(1)?
169
Let u(c) = -5*c**3 - 143*c**2 + 18*c - 1167. Calculate u(-29).
-7
Let f(y) = y**2 - 55*y + 688. Give f(23).
-48
Let j(f) = f**2 - 34*f - 1301. Calculate j(57).
10
Let s(t) = 2*t**2 + t - 92. Determine s(0).
-92
Let o(g) = -2*g**3 - 18*g**2 + 3*g + 4. Calculate o(-9).
-23
Let r(t) = t**3 - 13*t**2 - 27*t + 18. Determine r(15).
63
Let b(w) = -w**3 - 15*w**2 + 10*w + 506. What is b(-8)?
-22
Let t(y) = -5*y + 296. Determine t(62).
-14
Let g(a) = 34*a - 1975. What is g(62)?
133
Let s(q) = -q**3 + 157*q**2 + 151*q + 1109. What is s(158)?
3
Let s(f) = -306*f - 924. What is s(-3)?
-6
Let p(y) = -270*y + 1896. Determine p(7).
6
Let j(f) = f**3 - 6*f**2 + 2*f - 147. Determine j(0).
-147
Let b(w) = 19*w + 688. Calculate b(-35).
23
Let z(c) = -2*c**3 - 10*c**2 + 346*c - 636. Calculate z(2).
0
Let v(w) = -21*w - 1708. What is v(-81)?
-7
Let h(d) = d**3 + 18*d**2 + 75*d + 55. Determine h(-5).
5
Let c(x) = -2*x**3 + 117*x**2 - 1562*x + 209. Determine c(38).
57
Let b(q) = q**3 + 22*q**2 - 4*q - 68. Give b(-22).
20
Let c(s) = -s**3 + 70*s**2 + 147*s - 215. Determine c(72).
1
Let d(i) = 2*i**2 - 1602*i + 7957. Calculate d(5).
-3
Let g(c) = 116*c**3 + 6*c**2 + 9*c + 3. What is g(-1)?
-116
Let u(r) = -7*r + 118. Determine u(26).
-64
Let l(b) = 5*b**2 + 134*b - 32. Determine l(-27).
-5
Let c(l) = -2*l**2 - 225*l - 2. Calculate c(0).
-2
Let x(a) = a**2 + 36*a - 2153. Give x(-65).
-268
Let b(j) = 22*j**2 + 306*j + 96. Determine b(-14).
124
Let q(y) = 99*y + 680. What is q(-7)?
-13
Let p(d) = -38*d**2 + 4676*d - 258. Give p(123).
-12
Let p(j) = 14*j**2 + 300*j - 51. Give p(-22).
125
Let v(u) = 451*u - 1340. Determine v(3).
13
Let v(n) = 16*n**2 + 17*n + 2. Give v(-1).
1
Let b(c) = c**2 + 1380*c - 28. Calculate b(0).
-28
Let j(l) = l**2 - 126*l + 3074. Calculate j(32).
66
Let b(v) = 3*v**3 - 8*v**2 + 8*v + 1. Calculate b(2).
9
Let t(w) = -49*w**2 + 681*w - 7. What is t(14)?
-77
Let q(t) = -7*t**2 + 31*t + 11. Calculate q(-5).
-319
Let m(j) = j**3 - 7*j**2 + 4*j - 1. Give m(4).
-33
Let p(x) = 27*x**2 + 12*x - 11. Determine p(1).
28
Let h(a) = -3*a**2 - 86*a + 261. Determine h(-31).
44
Let p(i) = 169*i - 1859. Give p(11).
0
Let j(s) = 4*s**3 - 39*s**2 + 19*s + 66. Calculate j(9).
-6
Let a(b) = b**3 + 5*b**2 - 171*b - 13. Give a(-16).
-93
Let g(y) = -193*y + 655. What is g(4)?
-117
Let h(s) = 15*s - 1349. Give h(104).
211
Let h(v) = -4*v**2 + 109*v - 318. Calculate h(24).
-6
Let z(a) = -a**3 - 134*a**2 - 21*a - 2830. Calculate z(-134).
-16
Let w(l) = 2*l**3 + 24*l**2 - 26*l. What is w(-13)?
0
Let d(c) = 4*c**2 - 41*c - 133. Determine d(-4).
95
Let s(q) = -231*q + 5317. What is s(23)?
4
Let h(g) = -g**2 + 3*g + 1059. Determine h(-31).
5
Let x(j) = -j**2 + 43*j + 476. Give x(52).
8
Let a(v) = 155*v - 15176. Calculate a(98).
14
Let m(f) = 99*f - 1088. Calculate m(11).
1
Let y(r) = 76*r - 8. What is y(0)?
-8
Let q(t) = 3*t**2 - 154*t + 1605. Determine q(37).
14
Let t(a) = a**2 + 13*a + 27. Calculate t(-7).
-15
Let o(m) = m**2 + 8*m - 889. Calculate o(-36).
119
Let y(n) = -496*n + 4462. What is y(9)?
-2
Let s(c) = -c**3 - 13*c**2 - 9*c + 24. Give s(-12).
-12
Let w(v) = -79*v - 494. Calculate w(0).
-494
Let p(d) = 293*d + 576. What is p(-2)?
-10
Let j(v) = -5*v**2 + 172*v - 1085. What is j(26)?